s of 341667?
3, 37963
What are the prime factors of 14606952?
2, 3, 29, 31, 677
What are the prime factors of 18471212?
2, 4617803
List the prime factors of 1533737.
19, 89, 907
List the prime factors of 1543137.
3, 514379
List the prime factors of 160890.
2, 3, 5, 31, 173
What are the prime factors of 937272?
2, 3, 7, 797
What are the prime factors of 2951156?
2, 13, 19, 29, 103
List the prime factors of 2342523.
3, 780841
What are the prime factors of 9361896?
2, 3, 29, 13451
What are the prime factors of 1284390?
2, 3, 5, 67, 71
What are the prime factors of 39759829?
3719, 10691
What are the prime factors of 2332333?
2332333
List the prime factors of 1004869.
41, 24509
What are the prime factors of 3233713?
7, 659, 701
What are the prime factors of 324003?
3, 17, 6353
What are the prime factors of 370966?
2, 185483
What are the prime factors of 366699?
3, 31, 3943
What are the prime factors of 31166085?
3, 5, 83, 25033
What are the prime factors of 4667343?
3, 1555781
What are the prime factors of 322445?
5, 64489
What are the prime factors of 1653725?
5, 29, 2281
List the prime factors of 4060891.
4060891
What are the prime factors of 1548002?
2, 774001
What are the prime factors of 384976?
2, 24061
List the prime factors of 3024834.
2, 3, 504139
List the prime factors of 56143.
23, 2441
What are the prime factors of 2805718?
2, 1402859
List the prime factors of 18951735.
3, 5, 11, 114859
List the prime factors of 124525.
5, 17, 293
List the prime factors of 82933.
239, 347
What are the prime factors of 16486239?
3, 7, 11, 23, 29, 107
What are the prime factors of 21920802?
2, 3, 3653467
What are the prime factors of 5897451?
3, 7, 73, 3847
What are the prime factors of 565931?
433, 1307
What are the prime factors of 62312?
2, 7789
List the prime factors of 15212951.
13, 79, 14813
List the prime factors of 563272.
2, 181, 389
What are the prime factors of 7872823?
7, 37, 113, 269
List the prime factors of 156372.
2, 3, 83, 157
What are the prime factors of 115307?
67, 1721
What are the prime factors of 10058777?
67, 150131
What are the prime factors of 253417?
253417
What are the prime factors of 1366895?
5, 167, 1637
List the prime factors of 8512279.
1607, 5297
List the prime factors of 6404480.
2, 5, 10007
List the prime factors of 2319916.
2, 31, 53, 353
List the prime factors of 22809934.
2, 7, 1629281
List the prime factors of 259033.
259033
List the prime factors of 628574.
2, 43, 7309
What are the prime factors of 5522235?
3, 5, 368149
List the prime factors of 12054465.
3, 5, 267877
List the prime factors of 88853.
88853
List the prime factors of 162719.
29, 31, 181
What are the prime factors of 4698795?
3, 5, 19, 16487
List the prime factors of 17580784.
2, 13, 84523
List the prime factors of 583512.
2, 3, 41, 593
List the prime factors of 21229.
13, 23, 71
What are the prime factors of 528934?
2, 7, 37781
List the prime factors of 8715.
3, 5, 7, 83
List the prime factors of 20661.
3, 71, 97
List the prime factors of 463870.
2, 5, 11, 4217
What are the prime factors of 145595?
5, 37, 787
What are the prime factors of 472218?
2, 3, 211, 373
List the prime factors of 11360475.
3, 5, 7, 7213
List the prime factors of 183286.
2, 113, 811
List the prime factors of 3384475.
5, 331, 409
What are the prime factors of 1447020?
2, 3, 5, 8039
What are the prime factors of 9946217?
29, 67, 5119
List the prime factors of 478129.
478129
List the prime factors of 917741.
11, 83431
List the prime factors of 3742454.
2, 97, 101, 191
List the prime factors of 38045272.
2, 167, 28477
List the prime factors of 14920161.
3, 4973387
What are the prime factors of 15594518?
2, 29, 67, 4013
What are the prime factors of 32794278?
2, 3, 11, 131, 3793
What are the prime factors of 21202?
2, 10601
What are the prime factors of 17536089?
3, 503, 11621
List the prime factors of 2812069.
13, 199, 1087
What are the prime factors of 244493?
244493
What are the prime factors of 437042?
2, 218521
List the prime factors of 12029059.
7, 127, 1933
What are the prime factors of 201327?
3, 7, 9587
List the prime factors of 6538840.
2, 5, 7, 11, 193
List the prime factors of 15154341.
3, 5051447
List the prime factors of 9577312.
2, 53, 5647
List the prime factors of 408492.
2, 3, 7, 1621
What are the prime factors of 2965236?
2, 3, 109, 2267
What are the prime factors of 87355?
5, 17471
List the prime factors of 358368.
2, 3, 3733
List the prime factors of 661674.
2, 3, 13, 17, 499
What are the prime factors of 493503?
3, 179, 919
What are the prime factors of 1605741?
3, 53, 10099
List the prime factors of 131555.
5, 83, 317
List the prime factors of 494784.
2, 3, 859
List the prime factors of 1782015.
3, 5, 118801
What are the prime factors of 9811047?
3, 229, 14281
What are the prime factors of 2580320?
2, 5, 16127
What are the prime factors of 11859959?
43, 275813
What are the prime factors of 149786?
2, 7, 13, 823
What are the prime factors of 312525?
3, 5, 463
List the prime factors of 2531643.
3, 843881
List the prime factors of 1205208.
2, 3, 19, 881
List the prime factors of 413754.
2, 3, 11, 6269
What are the prime factors of 2554758?
2, 3, 141931
List the prime factors of 1642445.
5, 7, 167, 281
What are the prime factors of 18125588?
2, 13, 26813
What are the prime factors of 1889195?
5, 7, 11, 701
List the prime factors of 4817223.
3, 53, 10099
List the prime factors of 12062916.
2, 3, 335081
List the prime factors of 3531382.
2, 97, 109, 167
List the prime factors of 3721517.
607, 6131
What are the prime factors of 4092401?
4092401
List the prime factors of 1903393.
463, 4111
List the prime factors of 2017096.
2, 89, 2833
List the prime factors of 34102636.
2, 47, 181397
List the prime factors of 8836887.
3, 43, 61, 1123
What are the prime factors of 6517683?
3, 724187
List the prime factors of 835710.
2, 3, 5, 89, 313
What are the prime factors of 4659014?
2, 2329507
What are the prime factors of 2361894?
2, 3, 393649
List the prime factors of 513205.
5, 7, 11, 31, 43
List the prime factors of 993004.
2, 17, 859
What are the prime factors of 21240407?
67, 317021
List the prime factors of 1699146.
2, 3, 94397
What are the prime factors of 792874?
2, 396437
List the prime factors of 18695381.
18695381
List the prime factors of 2877417.
3, 19, 71, 79
What are the prime factors of 1035784?
2, 43, 3011
List the prime factors of 5678214.
2, 3, 946369
List the prime factors of 816545.
5, 163309
What are the prime factors of 626227?
7, 137, 653
List the prime factors of 1478920.
2, 5, 36973
List the prime factors of 3287908.
2, 13, 53, 1193
List the prime factors of 912800.
2, 5, 7, 163
List the prime factors of 661390.
2, 5, 19, 59
List the prime factors of 62149.
19, 3271
List the prime factors of 28477456.
2, 7, 251, 1013
What are the prime factors of 932937?
3, 101, 3079
List the prime factors of 1994051.
1994051
What are the prime factors of 166027?
166027
What are the prime factors of 1144640?
2, 5, 7, 73
List the prime factors of 1525304.
2, 11, 17333
List the prime factors of 18298291.
11, 1663481
List the prime factors of 1554310.
2, 5, 17, 41, 223
What are the prime factors of 442241?
89, 4969
What are the prime factors of 1226178?
2, 3, 29
List the prime factors of 4257307.
47, 239, 379
List the prime factors of 114680.
2, 5, 47, 61
What are the prime factors of 34582?
2, 17291
What are the prime factors of 2113082?
2, 1056541
What are the prime factors of 17751499?
31, 572629
What are the prime factors of 1037259?
3, 41, 937
What are the prime factors of 1603112?
2, 7, 28627
What are the prime factors of 2385511?
29, 43, 1913
What are the prime factors of 310728?
2, 3, 11, 107
List the prime factors of 6304901.
67, 139, 677
List the prime factors of 22784931.
3, 13, 149, 1307
What are the prime factors of 3080129?
13, 31, 7643
What are the prime factors of 2495064?
2, 3, 11, 13, 727
List the prime factors of 102608.
2, 11, 53
List the prime factors of 254613.
3, 84871
What are the prime factors of 1712185?
5, 19, 67, 269
What are the prime factors of 176702?
2, 53, 1667
What are the prime factors of 4890707?
157, 31151
List the prime factors of 20758199.
7, 11, 71, 3797
What are the prime factors of 1042561?
13, 31, 199
List the prime factors o